{"id":7038,"date":"2025-02-18T08:27:09","date_gmt":"2025-02-18T06:27:09","guid":{"rendered":"https:\/\/hulifer.net\/guitars\/?page_id=7038"},"modified":"2025-02-19T14:48:57","modified_gmt":"2025-02-19T12:48:57","slug":"mikrofonit","status":"publish","type":"page","link":"https:\/\/hulifer.net\/guitars\/mikrofonit\/","title":{"rendered":"Mikrofonit"},"content":{"rendered":"\n<div class=\"wp-block-group alignwide is-layout-flow wp-block-group-is-layout-flow\" style=\"margin-top:var(--wp--preset--spacing--60);margin-bottom:var(--wp--preset--spacing--60)\">\n<div data-wp-context=\"{}\" data-wp-interactive=\"core\/query\" data-wp-key=\"12\" data-wp-router-region=\"query-12\" class=\"wp-block-query is-layout-flow wp-block-query-is-layout-flow\"><ul class=\"columns-4 wp-block-post-template is-layout-grid wp-container-core-post-template-is-layout-1 wp-block-post-template-is-layout-grid\"><li data-wp-key=\"post-template-item-7033\" class=\"wp-block-post post-7033 post type-post status-publish format-standard has-post-thumbnail hentry category-microphone tag-sold\">\n\n<div class=\"wp-block-group link-element has-global-padding is-layout-constrained wp-block-group-is-layout-constrained\"><figure style=\"aspect-ratio:2\/3;\" class=\"wp-block-post-featured-image\"><a href=\"https:\/\/hulifer.net\/guitars\/punainen-p90\/\" target=\"_self\"  ><img loading=\"lazy\" decoding=\"async\" width=\"600\" height=\"800\" src=\"https:\/\/hulifer.net\/guitars\/wp-content\/uploads\/2025\/02\/2xPunainenP90-600x800.jpg\" class=\"attachment-post-thumbnail size-post-thumbnail wp-post-image\" alt=\"Punainen P90\" style=\"width:100%;height:100%;object-fit:cover;\" srcset=\"https:\/\/hulifer.net\/guitars\/wp-content\/uploads\/2025\/02\/2xPunainenP90-600x800.jpg 600w, https:\/\/hulifer.net\/guitars\/wp-content\/uploads\/2025\/02\/2xPunainenP90-225x300.jpg 225w, https:\/\/hulifer.net\/guitars\/wp-content\/uploads\/2025\/02\/2xPunainenP90.jpg 750w\" sizes=\"auto, (max-width: 600px) 100vw, 600px\" \/><\/a><\/figure>\n\n<div style=\"padding-top:0;padding-bottom:0;margin-top:0;margin-bottom:0;\" class=\"wp-block-post-date\"><time datetime=\"2024-05-28T20:10:00+02:00\">28.5.2024<\/time><\/div>\n\n<h2 style=\"padding-top:0;padding-bottom:0;margin-top:0;margin-bottom:0;\" class=\"wp-block-post-title has-medium-font-size\"><a href=\"https:\/\/hulifer.net\/guitars\/punainen-p90\/\" target=\"_self\" >Punainen P90<\/a><\/h2><\/div>\n\n<\/li><\/ul>\n\n\n\n<\/div>\n<\/div>\n","protected":false},"excerpt":{"rendered":"","protected":false},"author":1,"featured_media":7035,"parent":0,"menu_order":0,"comment_status":"closed","ping_status":"closed","template":"","meta":{"footnotes":""},"class_list":["post-7038","page","type-page","status-publish","has-post-thumbnail","hentry"],"yoast_head":"<!-- This site is optimized with the Yoast SEO plugin v24.5 - https:\/\/yoast.com\/wordpress\/plugins\/seo\/ -->\n<title>Mikrofonit - Hulifer Guitars<\/title>\n<meta name=\"robots\" content=\"index, follow, max-snippet:-1, max-image-preview:large, max-video-preview:-1\" \/>\n<link rel=\"canonical\" href=\"https:\/\/hulifer.net\/guitars\/mikrofonit\/\" \/>\n<meta property=\"og:locale\" content=\"fi_FI\" \/>\n<meta property=\"og:type\" content=\"article\" \/>\n<meta property=\"og:title\" content=\"Mikrofonit - Hulifer Guitars\" \/>\n<meta property=\"og:url\" content=\"https:\/\/hulifer.net\/guitars\/mikrofonit\/\" \/>\n<meta property=\"og:site_name\" content=\"Hulifer Guitars\" \/>\n<meta property=\"article:modified_time\" content=\"2025-02-19T12:48:57+00:00\" \/>\n<meta property=\"og:image\" content=\"https:\/\/hulifer.net\/guitars\/wp-content\/uploads\/2025\/02\/2xPunainenP90.jpg\" \/>\n\t<meta property=\"og:image:width\" content=\"750\" \/>\n\t<meta property=\"og:image:height\" content=\"1000\" \/>\n\t<meta property=\"og:image:type\" content=\"image\/jpeg\" \/>\n<meta name=\"twitter:card\" content=\"summary_large_image\" \/>\n<meta name=\"twitter:label1\" content=\"Arvioitu lukuaika\" \/>\n\t<meta name=\"twitter:data1\" content=\"1 minuutti\" \/>\n<script type=\"application\/ld+json\" class=\"yoast-schema-graph\">{\"@context\":\"https:\/\/schema.org\",\"@graph\":[{\"@type\":\"WebPage\",\"@id\":\"https:\/\/hulifer.net\/guitars\/mikrofonit\/\",\"url\":\"https:\/\/hulifer.net\/guitars\/mikrofonit\/\",\"name\":\"Mikrofonit - Hulifer Guitars\",\"isPartOf\":{\"@id\":\"https:\/\/hulifer.net\/guitars\/#website\"},\"primaryImageOfPage\":{\"@id\":\"https:\/\/hulifer.net\/guitars\/mikrofonit\/#primaryimage\"},\"image\":{\"@id\":\"https:\/\/hulifer.net\/guitars\/mikrofonit\/#primaryimage\"},\"thumbnailUrl\":\"https:\/\/hulifer.net\/guitars\/wp-content\/uploads\/2025\/02\/2xPunainenP90.jpg\",\"datePublished\":\"2025-02-18T06:27:09+00:00\",\"dateModified\":\"2025-02-19T12:48:57+00:00\",\"breadcrumb\":{\"@id\":\"https:\/\/hulifer.net\/guitars\/mikrofonit\/#breadcrumb\"},\"inLanguage\":\"fi\",\"potentialAction\":[{\"@type\":\"ReadAction\",\"target\":[\"https:\/\/hulifer.net\/guitars\/mikrofonit\/\"]}]},{\"@type\":\"ImageObject\",\"inLanguage\":\"fi\",\"@id\":\"https:\/\/hulifer.net\/guitars\/mikrofonit\/#primaryimage\",\"url\":\"https:\/\/hulifer.net\/guitars\/wp-content\/uploads\/2025\/02\/2xPunainenP90.jpg\",\"contentUrl\":\"https:\/\/hulifer.net\/guitars\/wp-content\/uploads\/2025\/02\/2xPunainenP90.jpg\",\"width\":750,\"height\":1000},{\"@type\":\"BreadcrumbList\",\"@id\":\"https:\/\/hulifer.net\/guitars\/mikrofonit\/#breadcrumb\",\"itemListElement\":[{\"@type\":\"ListItem\",\"position\":1,\"name\":\"Etusivu\",\"item\":\"https:\/\/hulifer.net\/guitars\/\"},{\"@type\":\"ListItem\",\"position\":2,\"name\":\"Mikrofonit\"}]},{\"@type\":\"WebSite\",\"@id\":\"https:\/\/hulifer.net\/guitars\/#website\",\"url\":\"https:\/\/hulifer.net\/guitars\/\",\"name\":\"Hulifer Guitars\",\"description\":\"High-quality handmade instruments from K\u00e4s\u00e4m\u00e4, Finland.\",\"publisher\":{\"@id\":\"https:\/\/hulifer.net\/guitars\/#organization\"},\"potentialAction\":[{\"@type\":\"SearchAction\",\"target\":{\"@type\":\"EntryPoint\",\"urlTemplate\":\"https:\/\/hulifer.net\/guitars\/?s={search_term_string}\"},\"query-input\":{\"@type\":\"PropertyValueSpecification\",\"valueRequired\":true,\"valueName\":\"search_term_string\"}}],\"inLanguage\":\"fi\"},{\"@type\":\"Organization\",\"@id\":\"https:\/\/hulifer.net\/guitars\/#organization\",\"name\":\"Hulifer Guitars\",\"url\":\"https:\/\/hulifer.net\/guitars\/\",\"logo\":{\"@type\":\"ImageObject\",\"inLanguage\":\"fi\",\"@id\":\"https:\/\/hulifer.net\/guitars\/#\/schema\/logo\/image\/\",\"url\":\"https:\/\/hulifer.net\/guitars\/wp-content\/uploads\/2025\/02\/hulifer_guitars_logo_2.svg\",\"contentUrl\":\"https:\/\/hulifer.net\/guitars\/wp-content\/uploads\/2025\/02\/hulifer_guitars_logo_2.svg\",\"width\":60,\"height\":60,\"caption\":\"Hulifer Guitars\"},\"image\":{\"@id\":\"https:\/\/hulifer.net\/guitars\/#\/schema\/logo\/image\/\"}}]}<\/script>\n<!-- \/ Yoast SEO plugin. -->","yoast_head_json":{"title":"Mikrofonit - Hulifer Guitars","robots":{"index":"index","follow":"follow","max-snippet":"max-snippet:-1","max-image-preview":"max-image-preview:large","max-video-preview":"max-video-preview:-1"},"canonical":"https:\/\/hulifer.net\/guitars\/mikrofonit\/","og_locale":"fi_FI","og_type":"article","og_title":"Mikrofonit - Hulifer Guitars","og_url":"https:\/\/hulifer.net\/guitars\/mikrofonit\/","og_site_name":"Hulifer Guitars","article_modified_time":"2025-02-19T12:48:57+00:00","og_image":[{"width":750,"height":1000,"url":"https:\/\/hulifer.net\/guitars\/wp-content\/uploads\/2025\/02\/2xPunainenP90.jpg","type":"image\/jpeg"}],"twitter_card":"summary_large_image","twitter_misc":{"Arvioitu lukuaika":"1 minuutti"},"schema":{"@context":"https:\/\/schema.org","@graph":[{"@type":"WebPage","@id":"https:\/\/hulifer.net\/guitars\/mikrofonit\/","url":"https:\/\/hulifer.net\/guitars\/mikrofonit\/","name":"Mikrofonit - Hulifer Guitars","isPartOf":{"@id":"https:\/\/hulifer.net\/guitars\/#website"},"primaryImageOfPage":{"@id":"https:\/\/hulifer.net\/guitars\/mikrofonit\/#primaryimage"},"image":{"@id":"https:\/\/hulifer.net\/guitars\/mikrofonit\/#primaryimage"},"thumbnailUrl":"https:\/\/hulifer.net\/guitars\/wp-content\/uploads\/2025\/02\/2xPunainenP90.jpg","datePublished":"2025-02-18T06:27:09+00:00","dateModified":"2025-02-19T12:48:57+00:00","breadcrumb":{"@id":"https:\/\/hulifer.net\/guitars\/mikrofonit\/#breadcrumb"},"inLanguage":"fi","potentialAction":[{"@type":"ReadAction","target":["https:\/\/hulifer.net\/guitars\/mikrofonit\/"]}]},{"@type":"ImageObject","inLanguage":"fi","@id":"https:\/\/hulifer.net\/guitars\/mikrofonit\/#primaryimage","url":"https:\/\/hulifer.net\/guitars\/wp-content\/uploads\/2025\/02\/2xPunainenP90.jpg","contentUrl":"https:\/\/hulifer.net\/guitars\/wp-content\/uploads\/2025\/02\/2xPunainenP90.jpg","width":750,"height":1000},{"@type":"BreadcrumbList","@id":"https:\/\/hulifer.net\/guitars\/mikrofonit\/#breadcrumb","itemListElement":[{"@type":"ListItem","position":1,"name":"Etusivu","item":"https:\/\/hulifer.net\/guitars\/"},{"@type":"ListItem","position":2,"name":"Mikrofonit"}]},{"@type":"WebSite","@id":"https:\/\/hulifer.net\/guitars\/#website","url":"https:\/\/hulifer.net\/guitars\/","name":"Hulifer Guitars","description":"High-quality handmade instruments from K\u00e4s\u00e4m\u00e4, Finland.","publisher":{"@id":"https:\/\/hulifer.net\/guitars\/#organization"},"potentialAction":[{"@type":"SearchAction","target":{"@type":"EntryPoint","urlTemplate":"https:\/\/hulifer.net\/guitars\/?s={search_term_string}"},"query-input":{"@type":"PropertyValueSpecification","valueRequired":true,"valueName":"search_term_string"}}],"inLanguage":"fi"},{"@type":"Organization","@id":"https:\/\/hulifer.net\/guitars\/#organization","name":"Hulifer Guitars","url":"https:\/\/hulifer.net\/guitars\/","logo":{"@type":"ImageObject","inLanguage":"fi","@id":"https:\/\/hulifer.net\/guitars\/#\/schema\/logo\/image\/","url":"https:\/\/hulifer.net\/guitars\/wp-content\/uploads\/2025\/02\/hulifer_guitars_logo_2.svg","contentUrl":"https:\/\/hulifer.net\/guitars\/wp-content\/uploads\/2025\/02\/hulifer_guitars_logo_2.svg","width":60,"height":60,"caption":"Hulifer Guitars"},"image":{"@id":"https:\/\/hulifer.net\/guitars\/#\/schema\/logo\/image\/"}}]}},"_links":{"self":[{"href":"https:\/\/hulifer.net\/guitars\/wp-json\/wp\/v2\/pages\/7038","targetHints":{"allow":["GET"]}}],"collection":[{"href":"https:\/\/hulifer.net\/guitars\/wp-json\/wp\/v2\/pages"}],"about":[{"href":"https:\/\/hulifer.net\/guitars\/wp-json\/wp\/v2\/types\/page"}],"author":[{"embeddable":true,"href":"https:\/\/hulifer.net\/guitars\/wp-json\/wp\/v2\/users\/1"}],"replies":[{"embeddable":true,"href":"https:\/\/hulifer.net\/guitars\/wp-json\/wp\/v2\/comments?post=7038"}],"version-history":[{"count":3,"href":"https:\/\/hulifer.net\/guitars\/wp-json\/wp\/v2\/pages\/7038\/revisions"}],"predecessor-version":[{"id":7084,"href":"https:\/\/hulifer.net\/guitars\/wp-json\/wp\/v2\/pages\/7038\/revisions\/7084"}],"wp:featuredmedia":[{"embeddable":true,"href":"https:\/\/hulifer.net\/guitars\/wp-json\/wp\/v2\/media\/7035"}],"wp:attachment":[{"href":"https:\/\/hulifer.net\/guitars\/wp-json\/wp\/v2\/media?parent=7038"}],"curies":[{"name":"wp","href":"https:\/\/api.w.org\/{rel}","templated":true}]}}